er when 2569 is divided by 171.
4
Calculate the remainder when 22219 is divided by 44.
43
What is the remainder when 2242494 is divided by 20?
14
What is the remainder when 4250 is divided by 141?
20
Calculate the remainder when 4474 is divided by 453.
397
What is the remainder when 4994 is divided by 4507?
487
Calculate the remainder when 68846 is divided by 534.
494
What is the remainder when 77122 is divided by 714?
10
What is the remainder when 4524 is divided by 4504?
20
What is the remainder when 13246 is divided by 4380?
106
Calculate the remainder when 100879 is divided by 4386.
1
What is the remainder when 564806 is divided by 1348?
1342
What is the remainder when 173993 is divided by 57995?
8
Calculate the remainder when 1188 is divided by 567.
54
What is the remainder when 287173 is divided by 25?
23
Calculate the remainder when 164656 is divided by 32926.
26
Calculate the remainder when 11845 is divided by 984.
37
Calculate the remainder when 45988 is divided by 10.
8
Calculate the remainder when 483089 is divided by 117.
113
Calculate the remainder when 10939 is divided by 5460.
19
What is the remainder when 1672 is divided by 130?
112
Calculate the remainder when 96 is divided by 7.
5
Calculate the remainder when 22686 is divided by 339.
312
Calculate the remainder when 59812 is divided by 169.
155
What is the remainder when 80374 is divided by 222?
10
Calculate the remainder when 233811 is divided by 463.
459
Calculate the remainder when 2405 is divided by 169.
39
What is the remainder when 452 is divided by 36?
20
Calculate the remainder when 13711 is divided by 1245.
16
Calculate the remainder when 3037 is divided by 1198.
641
Calculate the remainder when 1194 is divided by 573.
48
Calculate the remainder when 321 is divided by 149.
23
What is the remainder when 36220 is divided by 25?
20
What is the remainder when 32073 is divided by 7?
6
Calculate the remainder when 21566 is divided by 2695.
6
Calculate the remainder when 694141 is divided by 64.
61
What is the remainder when 2414 is divided by 885?
644
Calculate the remainder when 30840 is divided by 7708.
8
What is the remainder when 12400 is divided by 26?
24
What is the remainder when 654 is divided by 115?
79
Calculate the remainder when 8409 is divided by 16.
9
Calculate the remainder when 10043 is divided by 4518.
1007
What is the remainder when 201794 is divided by 49?
12
Calculate the remainder when 33195 is divided by 443.
413
What is the remainder when 126702 is divided by 595?
562
What is the remainder when 25801 is divided by 887?
78
Calculate the remainder when 52344 is divided by 13020.
264
Calculate the remainder when 16634 is divided by 52.
46
Calculate the remainder when 27006 is divided by 74.
70
What is the remainder when 42381 is divided by 1240?
221
What is the remainder when 10916 is divided by 40?
36
Calculate the remainder when 5700 is divided by 802.
86
What is the remainder when 4876280 is divided by 1087?
1085
Calculate the remainder when 1513 is divided by 471.
100
Calculate the remainder when 881244 is divided by 327.
306
Calculate the remainder when 120337 is divided by 44.
41
Calculate the remainder when 27761 is divided by 667.
414
Calculate the remainder when 619077 is divided by 120.
117
Calculate the remainder when 19331 is divided by 243.
134
What is the remainder when 1539 is divided by 699?
141
What is the remainder when 1519 is divided by 50?
19
Calculate the remainder when 718216 is divided by 17.
0
What is the remainder when 3904 is divided by 419?
133
What is the remainder when 131993 is divided by 98?
85
Calculate the remainder when 471 is divided by 72.
39
Calculate the remainder when 711 is divided by 227.
30
Calculate the remainder when 1412141 is divided by 39.
29
What is the remainder when 87315 is divided by 740?
735
What is the remainder when 455180 is divided by 220?
0
What is the remainder when 1403901 is divided by 701948?
5
Calculate the remainder when 225490 is divided by 277.
12
Calculate the remainder when 9507 is divided by 4750.
7
What is the remainder when 678663 is divided by 52204?
11
Calculate the remainder when 67442 is divided by 205.
202
What is the remainder when 13687 is divided by 4443?
358
Calculate the remainder when 209057 is divided by 89.
85
Calculate the remainder when 22783 is divided by 95.
78
Calculate the remainder when 683284 is divided by 7347.
13
Calculate the remainder when 456 is divided by 350.
106
Calculate the remainder when 76226 is divided by 330.
326
Calculate the remainder when 7448140 is divided by 533.
531
What is the remainder when 14022 is divided by 7007?
8
Calculate the remainder when 21036 is divided by 389.
30
Calculate the remainder when 10039 is divided by 3342.
13
What is the remainder when 4049 is divided by 413?
332
Calculate the remainder when 3604 is divided by 18.
4
What is the remainder when 26459 is divided by 131?
128
What is the remainder when 4709 is divided by 39?
29
Calculate the remainder when 12021 is divided by 223.
202
Calculate the remainder when 523 is divided by 307.
216
Calculate the remainder when 11075 is divided by 22.
9
Calculate the remainder when 4267 is divided by 1878.
511
What is the remainder when 2353 is divided by 157?
155
What is the remainder when 36824 is divided by 18370?
84
Calculate the remainder when 125372 is divided by 17.
14
What is the remainder when 22398 is divided by 863?
823
What is the remainder when 131385 is divided by 197?
183
Calculate the remainder when 21036 is divided by 3.
0
What is the remainder when 1535 is divided by 7?
2
Calculate the remainder when 1096176 is divided by 23.
19
What is the remainder when 2708 is divided by 663?
56
Calculate the remainder when 3070 is divided by 152.
30
Calculate the remainder when 90923 is divided by 245.
28
Calculate the remainder when 2102 is divided by 231.
23
Calculate the remainder when 4840 is divided by 115.
10
What is the remainder when 841876 is divided by 127?
120
Calculate the remainder when 13576 is divided by 1688.
72
Calculate the remainder when 2894 is divided by 359.
22
Calculate the remainder when 48633 is divided by 761.
690
What is the remainder when 44835 is divided by 191?
141
What is the remainder when 3984 is divided by 446?
416
What is the remainder when 33431 is divided by 5552?
119
What is the remainder when 659282 is divided by 199?
194
Calculate the remainder when 500500 is divided by 463.
460
What is the remainder when 2893726 is divided by 172?
170
What is the remainder when 371062 is divided by 26504?
6
What is the remainder when 2065 is divided by 22?
19
Calculate the remainder when 157819 is divided by 146.
139
Calculate the remainder when 2967 is divided by 248.
239
Calculate the remainder when 18150 is divided by 12.
6
What is the remainder when 8052 is divided by 3167?
1718
What is the remainder when 2895 is divided by 495?
420
Calculate the remainder when 35447 is divided by 11784.
95
What is the remainder when 316 is divided by 260?
56
What is the remainder when 163623 is divided by 24?
15
What is the remainder when 43580 is divided by 496?
428
What is the remainder when 927630 is divided by 8?
6
What is the remainder when 5721 is divided by 65?
1
What is the remainder when 17036 is divided by 41?
21
Calculate the remainder when 6888 is divided by 160.
8
Calculate the remainder when 12989 is divided by 2161.
23
What is the remainder when 397069 is divided by 46?
43
What is the remainder when 121791 is divided by 72?
39
Calculate the remainder when 11295 is divided by 6.
3
What is the remainder when 240 is divided by 196?
44
Calculate the remainder when 2106 is divided by 103.
46
Calculate the remainder when 3274 is divided by 3185.
89
What is the remainder when 3480 is divided by 925?
705
Calculate the remainder when 5842 is divided by 1660.
862
What is the remainder when 103339 is divided by 113?
57
What is the remainder when 421937 is divided by 340?
337
What is the remainder when 31178 is divided by 55?
48
Calculate the remainder when 4309 is divided by 717.
7
Calculate the remainder when 5948 is divided by 1014.
878
Calculate the remainder when 219672 is divided by 73221.
9
Calculate the remainder when 3051334 is divided by 8.
6
What i